of 6080?
0
What is the thousands digit of 1021?
1
What is the hundreds digit of 717?
7
What is the tens digit of 560?
6
What is the hundreds digit of 5638?
6
What is the thousands digit of 4615?
4
What is the units digit of 18400?
0
What is the hundreds digit of 34596?
5
What is the ten thousands digit of 69083?
6
What is the tens digit of 897?
9
What is the thousands digit of 2174?
2
What is the hundreds digit of 33428?
4
What is the thousands digit of 5696?
5
What is the ten thousands digit of 27286?
2
What is the ten thousands digit of 11624?
1
What is the thousands digit of 16564?
6
What is the units digit of 48872?
2
What is the thousands digit of 25874?
5
What is the tens digit of 619?
1
What is the tens digit of 92?
9
What is the hundreds digit of 27480?
4
What is the tens digit of 37722?
2
What is the hundreds digit of 2396?
3
What is the hundreds digit of 12203?
2
What is the ten thousands digit of 181860?
8
What is the units digit of 376?
6
What is the units digit of 1680?
0
What is the tens digit of 1553?
5
What is the units digit of 47339?
9
What is the tens digit of 1063?
6
What is the hundreds digit of 12079?
0
What is the hundreds digit of 9233?
2
What is the hundreds digit of 2517?
5
What is the ten thousands digit of 14523?
1
What is the units digit of 3?
3
What is the tens digit of 68480?
8
What is the tens digit of 467?
6
What is the thousands digit of 1434?
1
What is the thousands digit of 3246?
3
What is the tens digit of 92917?
1
What is the tens digit of 13413?
1
What is the hundreds digit of 199?
1
What is the units digit of 414?
4
What is the tens digit of 1293?
9
What is the hundreds digit of 22595?
5
What is the hundreds digit of 1176?
1
What is the units digit of 2450?
0
What is the tens digit of 4044?
4
What is the thousands digit of 2855?
2
What is the hundreds digit of 1112?
1
What is the tens digit of 2431?
3
What is the hundreds digit of 3581?
5
What is the tens digit of 105524?
2
What is the units digit of 24266?
6
What is the hundreds digit of 2673?
6
What is the thousands digit of 5388?
5
What is the hundreds digit of 2285?
2
What is the tens digit of 17541?
4
What is the tens digit of 542?
4
What is the tens digit of 599?
9
What is the units digit of 2865?
5
What is the tens digit of 1422?
2
What is the hundreds digit of 1579?
5
What is the tens digit of 603?
0
What is the thousands digit of 1599?
1
What is the thousands digit of 7280?
7
What is the units digit of 1223?
3
What is the tens digit of 17622?
2
What is the ten thousands digit of 51504?
5
What is the units digit of 85943?
3
What is the tens digit of 317?
1
What is the thousands digit of 141497?
1
What is the tens digit of 12892?
9
What is the hundreds digit of 35905?
9
What is the units digit of 977?
7
What is the tens digit of 69257?
5
What is the ten thousands digit of 18753?
1
What is the units digit of 2542?
2
What is the units digit of 421?
1
What is the tens digit of 25902?
0
What is the tens digit of 5202?
0
What is the ten thousands digit of 42942?
4
What is the tens digit of 20043?
4
What is the hundreds digit of 1196?
1
What is the units digit of 4750?
0
What is the hundreds digit of 509?
5
What is the thousands digit of 25856?
5
What is the units digit of 155670?
0
What is the units digit of 2979?
9
What is the tens digit of 24686?
8
What is the units digit of 604?
4
What is the hundreds digit of 10803?
8
What is the thousands digit of 60129?
0
What is the units digit of 493?
3
What is the units digit of 1948?
8
What is the thousands digit of 2194?
2
What is the units digit of 5208?
8
What is the ten thousands digit of 29547?
2
What is the units digit of 68318?
8
What is the thousands digit of 8319?
8
What is the thousands digit of 2997?
2
What is the units digit of 21813?
3
What is the hundreds digit of 7461?
4
What is the ten thousands digit of 60353?
6
What is the thousands digit of 132408?
2
What is the units digit of 17150?
0
What is the units digit of 276?
6
What is the hundreds digit of 54264?
2
What is the hundreds digit of 218?
2
What is the hundreds digit of 510?
5
What is the hundred thousands digit of 151350?
1
What is the hundreds digit of 5309?
3
What is the tens digit of 9009?
0
What is the tens digit of 45?
4
What is the units digit of 1470?
0
What is the hundreds digit of 77840?
8
What is the thousands digit of 7046?
7
What is the hundreds digit of 3208?
2
What is the tens digit of 590?
9
What is the hundreds digit of 51404?
4
What is the units digit of 837?
7
What is the thousands digit of 2435?
2
What is the tens digit of 1955?
5
What is the units digit of 34798?
8
What is the ten thousands digit of 26934?
2
What is the thousands digit of 1098?
1
What is the tens digit of 2206?
0
What is the units digit of 33?
3
What is the units digit of 54649?
9
What is the hundreds digit of 4123?
1
What is the tens digit of 13970?
7
What is the hundreds digit of 103894?
8
What is the hundreds digit of 735?
7
What is the units digit of 54665?
5
What is the tens digit of 75139?
3
What is the tens digit of 15067?
6
What is the hundreds digit of 5670?
6
What is the units digit of 11008?
8
What is the tens digit of 19566?
6
What is the units digit of 3?
3
What is the units digit of 575?
5
What is the thousands digit of 4688?
4
What is the units digit of 2714?
4
What is the units digit of 2064?
4
What is the thousands digit of 2165?
2
What is the units digit of 3870?
0
What is the ten thousands digit of 32590?
3
What is the thousands digit of 9847?
9
What is the ten thousands digit of 88164?
8
What is the hundreds digit of 29063?
0
What is the units digit of 520?
0
What is the tens digit of 1568?
6
What is the tens digit of 113?
1
What is the units digit of 11459?
9
What is the tens digit of 28617?
1
What is the units digit of 853?
3
What is the hundreds digit of 553?
5
What is the hundreds digit of 42331?
3
What is the hundreds digit of 3445?
4
What is the tens digit of 1421?
2
What is the tens digit of 3295?
9
What is the thousands digit of 2529?
2
What is the units digit of 47839?
9
What is the units digit of 139957?
7
What is the ten thousands digit of 10552?
1
What is the units digit of 3060?
0
What is the tens digit of 9497?
9
What is the hundreds digit of 6375?
3
What is the thousands digit of 3692?
3
What is the tens digit of 727?
2
What is the units digit of 56470?
0
What is the hundreds digit of 39064?
0
What is the units digit of 396?
6
What is the units digit of 75372?
2
What is the thousands digit of 36680?
6
What is the hundreds digit of 5613?
6
What is the units digit of 509?
9
What is the units digit of 1792?
2
What is the tens digit of 1739?
3
What is the hundreds digit of 433?
4
What is the hundreds digit of 490?
4
What is the units digit of 4547?
7
What is the units digit of 1807?
7
What is the thousands digit of 8777?
8
What is the tens digit of 51?
5
What is the tens digit of 471?
7
What is the thousands digit of 8188?
8
What is the tens digit of 7078?
7
What is the units digit of 8133?
3
What is the ten thousands digit of 13995?
1
What is the hundreds digit of 1218?
2
What is the hundreds digit of 65430?
4
What is the units digit of 928?
8
What is the hundreds digit of 17898?
8
What is the tens digit of 203?
0
What is the thousands digit of 2595?
2
What is the hundreds digit of 8822?
8
What is the hundreds digit of 86411?
4
What is the tens digit of 57785?
8
What is the units digit of 5988?
8
What is the units digit of 8030?
0
What is the thousands digit of 21859?
1
What is the hundreds digit of 3089?
0
What is the thousands digit of 1613?
1
What is the thousands digit of 9802?
9
What is the units digit of 3612?
2
What is the units digit of 2636?
6
What is the hundreds digit of 99762?
7
What is the hundreds digit of 108?
1
What is the tens digit of 24440?
4
What is the tens digit of 758?
5
What is the units digit of 1371?
1
What is the hundreds digit of 597?
5
What is the thousands digit of 40258?
0
What is the thousands digit of 4330?
4
What is the ten thousands digit of 30123?
3
What is the units digit of 623?
3
What is the units digit of 5916?
6
What is the units digit of 11566?
6
What is the units digit of 923?
3
What is the hundreds digit of 5691?
6
What is the thousands digit of 65357?
5
What is the unit